, -2 = -3*t + 7. Suppose 0 = b - 2 - 0. Calculate the remainder when b*(1 - 26/(-4)) is divided by p.
7
Suppose -7*k = -4*k - 5*f - 88, -3*k + 4*f + 83 = 0. Suppose -58 = -5*w - z, -3*w + 19 + 5 = -3*z. What is the remainder when k is divided by w?
10
Let r(o) = -o + 4. Suppose 31 = -4*u + 7. What is the remainder when 28 is divided by r(u)?
8
Let j(f) = 2*f - 2. Suppose -5 = -3*h - 4*y, -5*h + 0*y + 43 = -2*y. What is the remainder when j(7) is divided by h?
5
Let v(u) = -u**3 + 5*u**2 + u + 1. Calculate the remainder when 23 is divided by v(5).
5
Let t = 27 - -8. What is the remainder when t is divided by 9?
8
Suppose 0 = h - 3*a - 5, -h - h + a = -15. Suppose 5*s = -n + 44, -3*s - 3*n = -h*n - 4. Calculate the remainder when 31 is divided by s.
7
Suppose -10 + 26 = 4*c. Suppose 0*a - 4*b = -2*a + 60, c*b = 5*a - 126. What is the remainder when a is divided by 8?
6
Let h(q) = -q**3 + 6*q**2 + q - 2. Let b be h(6). Let w be (-2)/b - 18/(-4). Let o(d) = 2*d**2 - 3*d - 3. Calculate the remainder when o(w) is divided by 6.
5
Suppose -c - 5 = -3*s + 26, -5*s + 53 = -2*c. Calculate the remainder when (s - 11)*10/(-4) is divided by 4.
1
Suppose -3*x + 32 = 4*h, 46 = -2*x + 6*x + 2*h. Suppose 3*j - x = j. What is the remainder when 152/j - 1/3 is divided by 9?
7
Let o(l) = 5 + 2 - 6 + 18*l**2. Calculate the remainder when o(2) is divided by 19.
16
Suppose 0 = 4*x + x - 10. Suppose -3*r = -x*r - 33. Calculate the remainder when r is divided by (-1 - -1) + 1 - -16.
16
Let l(z) = -z**3 + 22*z**2 - 21*z + 21. Suppose 8 = s + r, 0*r - 20 = 5*r. Calculate the remainder when l(21) is divided by s.
9
Let j be (10/(-30))/((-2)/30). Suppose -r + 2*r - 249 = -5*c, 3*r + 253 = j*c. What is the remainder when c is divided by 13?
11
Let w = -5 + 7. Let r(l) = l - 5. Let u be r(7). Suppose 7*x - 10 = u*x. What is the remainder when w is divided by x?
0
Suppose 0*z = 2*z. Let l(y) = y**2 + 37. Calculate the remainder when l(z) is divided by 4/4*(13 - 0).
11
Suppose -6*n + 21 = -3*n. What is the remainder when (-80)/14*n/(-2) is divided by 11?
9
Let t(w) = -w - 4. Let d be t(-6). Let r = 0 + 0. Suppose r = h + 2*a - 6*a - 38, d*h + 5*a = 50. What is the remainder when h is divided by 16?
14
Suppose -4*o = -2*r - 0*o + 30, 2*o + 34 = 2*r. Calculate the remainder when 131 is divided by r.
17
Let u = -25 + 36. Let k be (1 - -2) + (4 - 3). Suppose -5*c = -2*l + 74, -174 + 48 = -k*l - c. What is the remainder when l is divided by u?
10
Let l(c) = 58*c**3 + 2*c**2 + c. Let r be l(-1). Let h = -28 - r. What is the remainder when h is divided by 16?
13
Let n(x) = 3*x + 7*x**2 + 3 - 2*x**2 + 0*x**2 - x**3 - 1. Calculate the remainder when n(-3) is divided by 17.
14
Let x(h) = 5 + 4 - 10 + 4*h - 3*h. Suppose 3*f = 4*u + 20, -f + 3*u - u = -6. Calculate the remainder when 20 is divided by x(f).
6
Let v = 188 + -178. Let i be ((-8)/(-10))/(2/5). Suppose i = -3*q + 20. Calculate the remainder when v is divided by q.
4
Calculate the remainder when 21 is divided by -2 - (2 + 3*-5).
10
Let t be (1*43)/(1/(-6)). What is the remainder when 22 is divided by t/(-33) + (-2)/(-11)?
6
Let l(a) = -4*a**2 - 4*a - 98. Let n(q) = q**2 + q + 33. Let p(f) = 2*l(f) + 7*n(f). Calculate the remainder when p(0) is divided by 9.
8
Let p = 82 + -34. What is the remainder when p is divided by 26?
22
Suppose -5*p + 12 = -p. Let w(t) = -t**3 + 13*t**2 - 41*t - 3. What is the remainder when w(7) is divided by p?
1
Let y(v) = v**3 + 11*v**2 + 11*v - 5. Let w be y(-10). Let r = w - -37. Calculate the remainder when r is divided by 8.
6
Calculate the remainder when 22/(-110) - 331/(-5) is divided by 14.
10
Let f = -126 + 167. What is the remainder when f is divided by 15?
11
Calculate the remainder when (18/4)/(-4 + (-267)/(-66)) is divided by 34.
31
Let z = -10 + 8. Let k be z/7 - (-228)/14. Suppose -5*j - 2*g = -43, 4*j + 0*j - k = 3*g. What is the remainder when 27 is divided by j?
6
Let u(w) = -3*w**3 + 7*w**2 + 15*w - 15. Let i(v) = -v**3 + v - 1. Let x(s) = -2*i(s) + u(s). What is the remainder when x(8) is divided by 10?
7
Calculate the remainder when ((-56)/12)/(6/(-81)) is divided by 22.
19
Suppose 0 = -9*h + 37 + 188. Calculate the remainder when 97 is divided by h.
22
Let o be (1 + -3)*(-21)/14. Suppose -3*z = -5*n - 166, z - o*n - n - 46 = 0. Calculate the remainder when z is divided by 13.
10
Suppose 75 = 3*f - 2*l, 3*f - 2*l - 129 = -2*f. Suppose -5*m + 4 = -1. Calculate the remainder when (-78 + -1)*(m - 2) is divided by f.
25
Let l = 12 + -6. Let z(c) = 2*c**2 - 2*c - 3. Let n be z(3). Let f = 1 + n. Calculate the remainder when f is divided by l.
4
Suppose -k = -0*k + 34. Let r = k - -123. Calculate the remainder when r is divided by 23.
20
Let a = 11 + -3. Suppose 20 = -5*w, -s + 2*w + 15 = -0*w. Let u(k) = -k**2 + 10*k - 6. Calculate the remainder when u(s) is divided by a.
7
What is the remainder when 4 is divided by (1 + 1)/(10/15)?
1
Suppose -3*y - 2*y = 5*b - 150, -b - 57 = -2*y. Suppose 5*q = -3*u + 40, 4*q + 6 = 2*u - 6. What is the remainder when y is divided by u?
9
Let b(f) = f**3 + 20*f**2 + 11. Calculate the remainder when 75 is divided by b(-20).
9
Let v = 48 - 27. What is the remainder when 104 is divided by v?
20
Suppose x - 21 - 1 = 0. What is the remainder when 42 is divided by x?
20
Let g(m) = -m**2 + 7*m + 9. Let n be (4/10)/((-1)/(-5)). Let d = 10 - n. Calculate the remainder when 2 is divided by g(d).
0
Let w = 19 - 3. What is the remainder when 0 - (-1)/2 - 1722/(-28) is divided by w?
14
What is the remainder when 27 is divided by (-33)/(-2) - (-2)/4*-1?
11
Suppose -5*c + 20 = 5. Suppose -4 = -4*z, 0 = 3*q + q + c*z - 19. Let v = q - -3. What is the remainder when 13 is divided by v?
6
Suppose -x + 2*u = -47, 4*u = -x - 2*x + 191. What is the remainder when x is divided by 29?
28
Let m be 2 + -3 + (-12)/(-3). Suppose -2*g + 123 = -m*c - 0*c, 2*c + 6 = 0. Calculate the remainder when g is divided by 15.
12
What is the remainder when 57 is divided by (2 - (-3)/(-6))/(3/40)?
17
Let y = 13 - 8. Suppose 3*s - 29 = -y. What is the remainder when -1 + 1 + 31 - 2 is divided by s?
5
Let y be -1 + -2 + -28 - 2. What is the remainder when 38 is divided by 6/y - 145/(-11)?
12
Let n = -2 + 10. Let g(q) = 3*q - 12. What is the remainder when 1/(-1) + 8*3 is divided by g(n)?
11
Suppose 57 = -3*u + 6*u. What is the remainder when 45 is divided by u?
7
What is the remainder when 4370/50 - 2/5 is divided by 15?
12
Suppose 0*w - 88 = -8*w. What is the remainder when 53 is divided by w?
9
Let c(d) be the third derivative of d**5/30 - d**4/24 - d**3/6 - 4*d**2. Let w = 11 + 2. What is the remainder when w is divided by c(2)?
3
Let y(n) = -n**3 + 4*n**2 + 5*n + 4. Let d be y(5). Let v = 2 + d. Let s(h) = h. Calculate the remainder when s(9) is divided by v.
3
Suppose -2*t + 4 = 5*u, 0 = 3*u - t - 4*t - 21. Calculate the remainder when 4 is divided by u.
0
Suppose 2*l + 2*m = -6, -2*l + 5*m = 3*l - 25. Suppose 0 = 3*b + 3, 3*p = -2*b + 5 - l. Calculate the remainder when 5 is divided by p.
1
Let m(x) = -x + 20. Calculate the remainder when 40 is divided by m(8).
4
Let g(p) = 125*p**2 + 2*p + 1. Suppose 2*f = -0*f - 2. Let v be g(f). Calculate the remainder when (v/(-6))/((-8)/12) is divided by 11.
9
Suppose g + 3 = 2*b - 39, 3*b = -5*g + 50. Let l = 56 - -1. Calculate the remainder when l is divided by b.
17
Let y = 19 - 13. Calculate the remainder when (-2)/6 - (-248)/y is divided by 14.
13
Suppose -2*f + 52 = -0. Suppose 4*o - 10 - f = 0. Suppose -j - 12 = 5*t - 139, -t + j = -23. Calculate the remainder when t is divided by o.
7
Suppose 2*z = 9*z - 1505. Calculate the remainder when z is divided by 24.
23
Suppose -4*x - 115 = -5*y, 5*y + 0*y = x + 100. Let k = -1 + 5. Suppose -4*a = -2*a - k*c - 20, c + 50 = 5*a. What is the remainder when y is divided by a?
9
Let s(c) = c**2 + c - 1. Let z be s(2). Suppose 0*k - 3*k + 145 = 2*p, 5*k = -p + 230. Suppose 0 = z*t - 25 - k. What is the remainder when 41 is divided by t?
13
Let b(l) = -4*l. What is the remainder when b(-2) is divided by (-1 + -2)*(-5)/(-45)*-15?
3
Let c = 7 + 0. Calculate the remainder when c is divided by 2.
1
Let r = 96 + -29. Let z = -42 + r. Let n(l) = 2*l - 9. What is the remainder when z is divided by n(9)?
7
Let 